). Determine f(i).
-5
Let n(r) = -r**2 + 18*r + 165. Suppose 0 = 2*a + 5*h + 19, 5*a + 2*h + 96 = 59. What is n(a)?
-10
Let m = -9537 + 9522. Let r(b) = -b**2 - 24*b - 122. Give r(m).
13
Let m(x) = -x**2 + 16*x + 5. Suppose -4*t + 3*c = -93, 59*t - 56*t = -c + 47. What is m(t)?
-31
Suppose 5*g + 12 = 27. Let f = -247 + 250. Let v(h) = -h + 0*h - 2*h**2 - 2*h - 13*h**3 + 14*h**f. What is v(g)?
0
Suppose -15 = -2*m + 1. Let n(s) be the first derivative of 3*s**2/2 - 12*s + 8706. Determine n(m).
12
Let j(t) = -10*t**2 - t + 1. Let k(z) = -23*z**2 - 1. Let b be k(2). Let l = b + 94. What is j(l)?
-10
Let y(a) = -a**3 - 7*a**2 + 6*a + 6. Let b(x) = -16*x - 502. Let g be b(-31). Determine y(g).
-66
Let n(h) = -4*h + 1. Let g(q) = 4*q + 77. Let s(d) = -g(d) + 4*n(d). Let k be s(-3). Let p(u) = 2*u + 15. What is p(k)?
-11
Let g(p) = -p + 3. Let r be 15/(-6) - -2*3/12. Let n = r + 9. Suppose -7*m + 7 = -n. Give g(m).
1
Let h = -458 - -459. Let r be h + 1 - 2*(-3)/(-2). Let q(c) be the third derivative of -c**6/120 + c**4/24 + c**3/6 + 2*c**2. Calculate q(r).
1
Let r(p) = -4*p - 9. Let t(s) = -2*s - 4. Let b(x) = -4*r(x) + 9*t(x). Suppose 2*n = 3*m - 13, -1037*m - 3 = -3*n - 1040*m. Give b(n).
4
Let s(m) be the second derivative of -11*m**3/6 + m**2/2 - 3*m - 8. Suppose 0 = -2*u - 55 + 53. Determine s(u).
12
Let h(q) = -q**3 + 16*q**2 - 11*q - 15. Suppose 25*i = 24*i + 13. Let b be h(i). Let p(t) = -9*t**2 + 1 - 350*t**3 - 6*t + b*t**3 + 9. What is p(-8)?
-6
Let w(g) = 526*g - 2673 - 546*g + 2339. Determine w(-17).
6
Let x(w) = -w**2 + 10*w - 13. Let o(s) = 4*s**2 - 40*s + 53. Suppose -3*r + t + 12 = 4*t, 10 = 5*t. Let p(b) = r*o(b) + 9*x(b). Calculate p(9).
-2
Let l(x) = -2*x + 3. Suppose -i + 5*r + 17 = 0, i - 7 = 5*i + 5*r. Suppose 0 = -43*y + 15*y + 28. Let b be (-12 - -8)/(1/y - i). Calculate l(b).
-5
Let g(a) = a**3 + 33*a**2 - 17*a + 582. Let i be g(-34). Let c(u) = -u**3 + 3*u**2 + 6*u - 17. Give c(i).
-9
Let l(b) = 14*b**3 - 2*b**2 - b. Let h = -6363 - -6362. Determine l(h).
-15
Suppose -3*u + 12 = -2*t - t, 2*t = u - 6. Suppose 30 = 2*z - u*s, 0*s = -3*z - s + 33. Let y(f) = f + f - 3 + z - f. Give y(-5).
4
Let o(d) = -9*d - 1. Let p(v) = -19*v - 3. Let s(b) = -9*o(b) + 4*p(b). Let z = 397 - 367. Suppose z = -5*a + 10. What is s(a)?
-23
Let x(h) = 1 + 4*h - h + 4*h + 2*h. Suppose 2*y + 143 - 154 = g, g - 9 = -2*y. Give x(g).
-8
Let t(b) = -2*b**2 + 11*b - 2. Let p(y) = y**2 - 5*y + 1. Let i(g) = 11*p(g) + 6*t(g). Let v be (-418)/(-42) + 3/63. What is i(v)?
9
Let x(t) = -2*t**2 + 36*t + 1307. Let u be x(-18). Let k(n) = 3*n - 35. What is k(u)?
-2
Let q(c) = -3*c**3 - 32*c**2 - 20*c - 60. Let d(k) = -7*k**3 - 65*k**2 - 34*k - 115. Let x(v) = -2*d(v) + 5*q(v). What is x(-29)?
17
Let o(j) = -3*j**3 - j**2 - 3*j - 2. Let u(y) = y**2 + 4*y + 1. Suppose -3 = -54*z + 55*z. Let i be u(z). Give o(i).
24
Let r(a) = a + 6. Let z be r(-7). Let w(s) = -10*s**2 + 8*s**2 + 443 - 443 + 9*s**2. Calculate w(z).
7
Let w(v) be the second derivative of v**7/2520 - v**6/360 - v**5/120 - 91*v**4/12 + v**2 - 57*v + 2. Let b(d) be the third derivative of w(d). What is b(2)?
-1
Let z(g) = -27*g**3 + 3*g**2 + g**2 + 28*g**3 - 2. Let t(x) be the second derivative of x**4/12 + 2*x**3/3 + 11*x. Let q be t(-3). Calculate z(q).
7
Let k = -12 + 6. Suppose -5*z - 1 = 2*q - 13, 3*q = 3. Let o(l) = -l**z + 0*l**2 + 0*l**2 - 126 + 120 - 7*l. What is o(k)?
0
Let t(v) = v**2 - 13*v + 3. Let k = 3132 + -3118. Calculate t(k).
17
Let h(n) = -8*n - 44. Suppose 38*v + 345 = 117. Calculate h(v).
4
Let b = -249 + 254. Let x(c) = -3*c + 4. Let h(s) = -7*s + 7. Let z be 24/(-60) - (-16)/(-10). Let n(q) = b*x(q) + z*h(q). Give n(-5).
11
Let n(l) = l**3 + 11*l**2 - 25*l + 12. Let d be n(-13). Let r(c) be the third derivative of -c**5/12 - c**4/12 - c**3/3 - 206*c**2. What is r(d)?
-5
Let j(q) = -q**3 + 5*q**2 - 4*q - 2. Suppose 0 = -2*z - 3*z + z. Let t(n) = 2*n - 8. Let b be t(4). Suppose z*y + 3*y - 12 = b. Give j(y).
-2
Let o = -9588 + 9532. Let u(l) = -5*l - 274. What is u(o)?
6
Let k(s) = 4*s**3 + 3*s**2 + 3*s. Let f(y) = 4*y**2 - 5*y - 3. Let b be f(-1). Let r be (-2)/(b/(14 - 8)). What is k(r)?
-26
Let u be (12/(-6))/(((-10)/53)/5). Let a(k) = -3 - u*k + 120*k - 53*k. Calculate a(3).
39
Let y(c) = c**3 + 21*c**2 + 23*c + 55. Let x = -26823 + 26803. Determine y(x).
-5
Let l be 30/4 + 2 + (-30)/20. Suppose 2*g = 20 - l. Let o(j) = -4*j + 3*j + 8 + 3. Give o(g).
5
Let f(c) = 28*c + 111. Let y(n) = 16*n + 51. Let w(x) = -6*f(x) + 11*y(x). What is w(13)?
-1
Suppose 0 = -2*f + 266*f + 528. Let b(m) = -3*m**2 - 8*m - 8. Calculate b(f).
-4
Suppose 0 = 79*k - 78*k - 2. Suppose -k - 4 = -m. Let j(c) = 2*c - 3. Let r(b) = 5*b - 8. Let i(u) = -8*j(u) + 3*r(u). Give i(m).
-6
Let d(q) = -q**2 + 3583*q - 53518. Let w be d(15). Let o(y) = -y**3 + 3*y**2 - 2*y + 3. Let f be o(2). Let l(n) = -n**2 + n - n**f - n + 2*n. Calculate l(w).
-8
Let z(h) = -3*h**2 + 4*h - 2. Let j(f) = f**3 - 5*f**2 - 9*f - 12. Let a be j(7). Let g(s) = 4*s - 90. Let u be g(a). Determine z(u).
-6
Let j(d) = d**3 + 12*d**2 - d - 8. Let v be 46/(-4) - (189/(-18) + 10)/(-1). Give j(v).
4
Suppose -763*w - 1669*w = -17024. Let x(n) = 4*n**2 + 4*n**2 - 2*n**2 + 8*n - n**3 - 8. What is x(w)?
-1
Let q = 200 - 199. Let c(f) = 7*f**3 + 8*f**2 + 14*f - 8. Let n(y) = -y**3 - y + 1. Let l(r) = q*c(r) + 6*n(r). What is l(-6)?
22
Let k(f) be the first derivative of -f**3/3 - 5*f**2 - 13*f + 6524. Calculate k(-5).
12
Let j(n) = 2*n**2 - n. Suppose 2*m - 3*g - 17 = 0, 4*m + 7*g - 23 = 2*g. Suppose 0 = 3*o + 15, -o + 2*o = -d - m. What is j(d)?
10
Let j be ((-2)/6)/(-2 + 82/42). Suppose -8*i + j = -25. Let t(s) = -s**3 + 3*s**2 + 3*s - 1. Calculate t(i).
-5
Suppose -2915 + 2987 = 6*i. Let n(o) = o**3 - 14*o**2 + 16*o + 10. Determine n(i).
-86
Let c(d) = -4*d**3 + 4*d**2 + 6*d + 3*d**3 + 1 + 4. Suppose 2145*q + 2142*q + 100 = 4307*q. Determine c(q).
10
Let j = -125 - 18. Let z = j + 145. Let q(m) = -12*m + 3. Calculate q(z).
-21
Let m(o) be the first derivative of 5 + 12*o - 1/12*o**4 - 7*o**2 - 1/6*o**3. Let i(r) be the first derivative of m(r). Give i(0).
-14
Suppose 6 = -99*d - 192. Let u(r) = 8*r**2 + 3*r + 1. Give u(d).
27
Let q(j) be the first derivative of j**4/4 + 2*j**3 - 2*j**2 - 23*j + 10474. Determine q(-6).
1
Suppose 0 = -0*b + 13*b - 1612. Let h(x) = b - 72 - 61 - 10*x - x**2. Calculate h(-10).
-9
Let p(g) = 30*g**3 - g**2 + g + 1. Suppose -2*j = -695 + 697. Give p(j).
-31
Suppose 5*l + 5*a = 75, -2*l + 4*a + 9 + 3 = 0. Let z(x) be the first derivative of -x**4/4 + 13*x**3/3 - 6*x**2 + 4*x + 15. Determine z(l).
4
Let z(o) = o**2 + o - 1. Let q be z(0). Let n(f) = -19*f**2 - 2*f + 3. Let h(w) = 38*w**2 + 3*w - 5. Let i(r) = 3*h(r) + 5*n(r). Give i(q).
20
Suppose 17643 = -560*o + 7003. Let z(i) = -i**2 - 24*i + 19. Calculate z(o).
114
Let x(j) = -11*j**2 - 532 - 521 - 528 + 14*j**2 + 4*j**2 + 1584 + j**3. Let q(h) = -8*h**2 + 2*h - 1. Let n be q(1). What is x(n)?
3
Suppose 2*f + f = 15. Suppose f*s = -2*r + 15, s + r - 2 = 4. Let a(m) be the third derivative of 5*m**4/24 + m**3/6 - 79*m**2 - 2*m + 25. Determine a(s).
6
Let x be (52 - 55)/((-6)/4). Let y(i) = 5*i + 2*i - i**2 + i + 2*i**x - 6*i. What is y(-4)?
8
Let m(z) be the first derivative of z**5/60 + z**4/24 - z**3/2 - 87*z**2/2 + 209. Let x(k) be the second derivative of m(k). What is x(-6)?
27
Let h(o) be the second derivative of o - 3*o**2 + 1/12*o**4 + 0 + 0*o**3. Let g be (-33 - -22 - -11)/2. Calculate h(g).
-6
Suppose 0 = -8*r + 2 + 6. Suppose 5*m - r = 9. Let z(j) = -23 - m*j + 23. What is z(2)?
-4
Let k(a) = a**3 - 3*a**2 - 7*a + 20. Let z be k(2). Let p(d) = 3 + z - 111*d - 3 + 102*d. Give p(3).
-25
Let q(h) be the third derivative of -h**4/4 + h**3/3 + h**2. Let m = 15 - -1. Let p = -13 + m. Give q(p).
-16
Let f = 4709 - 4706. Let a(u) = -7 - 15*u + 25*u - 6*u. Calculate a(f).
5
Suppose -11*s = -7*s - 3*j - 76, -2*s = -2*j - 40. Let x(t) = -18*t - 1 - 20*t + 52*t - s*t + 5*t**2. Give x(-1).
6
Let h(b) = -2*b**3 - 200*b**2 + 4*b - 3. Let z(a) = 21*a**3 + 2300*a**2 - 45*a + 35. Let k(l) = -23*h(l) - 2*z(l). Let f = -3 + 2. Give k(f).
-3
Let a(h) = 6*h**2 + 2*h - 3. Let d(f) = -7*f**2 - 2*f + 3. Let t(p) = -5*a(p) - 4*d(p). Suppose -4*w + 132 = 11*r, 86*r + 24 = -4*w 